actors of q?
2, 79
Let v be (-2)/(-8) - 14/(-8). Suppose 0 = 5*a, k + 2*a - 4 = -v. What are the prime factors of -5 - -3 - (-29 - k)?
29
Let y(x) = -x**2 - 10*x - 11. Suppose 24 = j - 3*j. Let a be y(j). Let r = 51 + a. List the prime factors of r.
2
Let l = 135 - 27. Let g = l - 30. What are the prime factors of g?
2, 3, 13
Let p be 4/12 + (-267)/(-9). Suppose 7*h - 5*h + p = 0. What are the prime factors of (-268)/(-5) + h/25?
53
Suppose 7*f - 51 = 10*f. Let s = -8 - f. Suppose 0 = -4*x + s*x - 15. What are the prime factors of x?
3
Let t = -226 + 387. Let a = t - 41. List the prime factors of a.
2, 3, 5
Let a = -1229 - -3933. What are the prime factors of a?
2, 13
Suppose 0 = u + 5*n - 354, -u - 2*n + 71 + 286 = 0. What are the prime factors of u?
359
Let v(i) = 4*i - 17. Let c be v(6). Let f be (-134)/(-4) - 2/(-4). Suppose -5*h = -c*h + f. What are the prime factors of h?
17
Let f(x) = 96*x + 179. What are the prime factors of f(23)?
7, 11, 31
Let o(d) = d + 7. Let w be o(5). Suppose 16*n - w*n = 688. List the prime factors of 48/32*n/6.
43
Let z be (25 + -27)/(0 + 1). List the prime factors of (-1)/z + (-675)/(-30).
23
Let g(x) = -5*x + 1. Let z be (-5)/(-4) + (-4)/16. Let u(f) = -f**2 - f + 1. Let p be u(z). List the prime factors of g(p).
2, 3
Let c(a) = -10*a - 4. Let l be c(-1). Suppose -558 - l = -6*p. List the prime factors of p.
2, 47
Let u = -971 + 2262. List the prime factors of u.
1291
Let w be (-8)/18*(-36)/8. Suppose -2*q = w*d - 140, 5*d + 102 = 2*q - 45. List the prime factors of q.
71
What are the prime factors of 3035 - (-51)/204*-4*3?
2, 379
Suppose -2*l = 4*s - 20, -4*s + l - 6*l + 14 = 0. Let y be (-1101)/(-18) + (-1)/s. Let d = -27 + y. List the prime factors of d.
2, 17
Suppose -5*v + 164 = l, 5*v - 172 + 5 = 2*l. Suppose b - v = 39. Suppose b = 4*s + 2*k, -3*k = -s - k + 8. What are the prime factors of s?
2
Let l(z) be the second derivative of 0 + 0*z**2 - 8*z + 79/20*z**5 - 1/6*z**3 + 0*z**4. List the prime factors of l(1).
2, 3, 13
Let x be (-32)/(-6) - 19/57. Suppose 0 = x*d - 97 - 3. List the prime factors of d.
2, 5
Let q be 2/(-6) + 26/6. Let m = 82 + -54. Suppose -m = -r + 4*f, 2*f = -q*r + f + 44. List the prime factors of r.
2, 3
Let r = 1064 + -752. What are the prime factors of r?
2, 3, 13
Let g be (-3)/(-4)*1 + (-3144)/(-32). Let v = g - 41. What are the prime factors of v?
2, 29
Let j(w) = -6*w**2 - 8*w - 7. Let m(d) = -7*d**2 - 8*d - 7. Let x(z) = 6*j(z) - 5*m(z). Let h be x(-6). Suppose -2*s + h*s = 69. List the prime factors of s.
23
Suppose 13 = 4*z - 147. Suppose 3*h = -h + z. What are the prime factors of (-25)/h*196/(-10)?
7
Suppose 14*p - 922 = 12*p. What are the prime factors of p?
461
Let m(j) = -49*j. What are the prime factors of m(-6)?
2, 3, 7
Let c(q) = -q**2 - 11*q + 9. Let p be c(-14). Let j = p + -648. What are the prime factors of (-2)/(-8) + j/(-12)?
3, 19
Let f(l) = l**3 - 3*l**2 - 6*l - 9. Let k be f(6). Suppose -4*q - 9 = -q, -5*o + q + k = 0. List the prime factors of o.
2, 3
Suppose 12*k - 29429 = -9773. What are the prime factors of k?
2, 3, 7, 13
Let q = 380 + -174. List the prime factors of q.
2, 103
Suppose 2*n + 3*c = 90 + 27, 4*n - c - 227 = 0. Suppose -3*k = -n - 351. What are the prime factors of k?
2, 17
Let b(u) = 8 + 19 + u**2 + 2*u + 5*u - 7. List the prime factors of b(-7).
2, 5
Let o be 0/(-6*2/4). Suppose o = 5*z + 3*w + 122 + 38, z = 5*w - 32. What are the prime factors of (z + (3 - 0))*-1?
29
Suppose -12 = -4*l, -4*a - l + 1341 = 494. Suppose -3*v + 310 = -2*o, 0*v + 2*v + 3*o - a = 0. What are the prime factors of v?
2, 13
Let h = -455 - -903. What are the prime factors of h?
2, 7
Suppose 0*n - 2*n + 5*s = -30, 30 = 4*n + 5*s. Let t = n + -10. Suppose 6*j - 3*j - 24 = t. List the prime factors of j.
2
Let g = 330 + -271. What are the prime factors of g?
59
List the prime factors of 19720/348*(526/10 - 1).
2, 17, 43
Suppose g = -n + 6 + 10, 0 = -n + g + 8. Let v be (n/(-18))/(1/(-78)). Let x = v - 17. List the prime factors of x.
5, 7
Suppose 4*f = -2*i - 20 - 8, 0 = 4*f + 20. Let v be (38/i)/(3/(-30)). Suppose -5*l = -0*l - v. What are the prime factors of l?
19
Suppose -2*s = b - 13, 0 = 5*s - 4*s + 4*b - 17. Let v = 72 + 135. Suppose -s*r - 82 = -v. What are the prime factors of r?
5
Let z(m) = 5*m - 18. Let q(w) = -w**3 + 5*w**2 - 3*w + 7. Let n be q(5). Let g be (-94)/n + 15/(-20). What are the prime factors of z(g)?
37
Suppose 5*y - 5*i + 20 = 0, -5*y + 3*i = -3*y + 11. Let a be ((-11)/(-22))/(y/(-2)). Let c(j) = 49*j**3 + j**2 - 1. What are the prime factors of c(a)?
7
Suppose -5*m - 2*u + 1004 + 741 = 0, 4*m - 1429 = 5*u. What are the prime factors of m?
3, 13
Let x(b) = 14 + b**2 + 5*b - 9 + 3*b. Let o be x(-7). Let m = o + 11. List the prime factors of m.
3
Suppose 20*k = -k + 58254. List the prime factors of k.
2, 19, 73
Let k be 316 - (-3 - -1) - 2. Let a = k + -185. List the prime factors of a.
131
Let v(y) = y + 20. Let h be v(-10). Let g = 13 - h. Suppose -g*l - l = -t + 36, -t = 3*l - 64. What are the prime factors of t?
2, 13
Let c(y) = 2*y - 73 - 3*y + 37 + 4*y. What are the prime factors of c(14)?
2, 3
Let b(j) = -j**3 + 6*j**2 + 8*j - 12. What are the prime factors of b(-7)?
569
Suppose 2*g + 0 = 6. Suppose 9 = 2*z - g*k, 14 = 5*z + k - 0*k. What are the prime factors of z?
3
Suppose y = 5*k - 628, y = 5*y - 8. Suppose b + k - 279 = 0. List the prime factors of b.
3, 17
Let s be 6/24*40/6*3. Suppose 0 = -5*a + 4*p + 1029, 0 = -s*a + a + 2*p + 822. List the prime factors of a.
5, 41
Let c = -11 + 3. Let b = c - -21. Let s = -2 + b. List the prime factors of s.
11
Let a = -56 + 62. Suppose a*i = -0*i + 708. List the prime factors of i.
2, 59
Suppose -5*t + 16 = -3*t. Let q(a) = -7*a**2 - 8*a + a + a**3 + 39 - 44. What are the prime factors of q(t)?
3
Let r(s) be the second derivative of s**4/12 + 5*s**3/3 - s**2/2 - 6*s. Let v be r(-10). Let t = v - -5. List the prime factors of t.
2
Suppose -15 = -2*w - 65. Let u = -25 - w. Suppose t - 3*x - 44 - 1 = 0, -2*t + x + 100 = u. What are the prime factors of t?
3, 17
Let d(b) = -7*b**3 + 23*b**2 + 4*b + 12. Let r(x) = 10*x**3 - 34*x**2 - 6*x - 18. Let f(q) = -7*d(q) - 5*r(q). What are the prime factors of f(9)?
2, 3
Let n(u) = u + 8. Let s be n(7). Let g = -13 + s. Suppose k - 4*k = -g*b + 99, 5*k - 143 = -4*b. List the prime factors of b.
2, 3, 7
Let s = 9 + -5. Suppose -2*g = 2*q - 164, -s*g + 230 = -2*q - 86. Suppose g = -5*j + 7*j. List the prime factors of j.
2, 5
Suppose -u - 4*q = -3433, 8220 = 2*u - 4*q + 1318. List the prime factors of u.
5, 13, 53
Let p = -19 - -8. Let x(t) = 0*t + 5 - 20 - 4*t. What are the prime factors of x(p)?
29
Let f(i) = i**2 - 3*i - 10. Let w be f(-10). Let d = 167 - w. What are the prime factors of d?
47
Let s = 15 + -11. Suppose -k = s*k + o - 34, 0 = -3*k - 5*o + 38. Suppose -2*x = 4*a - k*x - 56, -4*x - 16 = 0. What are the prime factors of a?
2, 5
List the prime factors of (-8)/36 - 0 - (-1426)/18.
79
Suppose s - 9 = -0*s. Let a be (22 + -26)*26/8. Let r = s - a. What are the prime factors of r?
2, 11
Let o = 7044 + -2973. List the prime factors of o.
3, 23, 59
Let i be (0 + 1)/(1/37). Suppose 14*w - 16 = 12. Suppose w*v - 5*v - 5*d = -i, 0 = 5*v + 2*d - 49. List the prime factors of v.
3
Suppose -4*o + 106 = 5*v, 20 = 2*v - 2*o - 2*o. Let y be -2 - (v/(-2) - 1). Let d(w) = w**3 - 9*w**2 + 11*w + 8. What are the prime factors of d(y)?
2
Suppose -2*v + 9503 - 1837 = 0. List the prime factors of v.
3833
Let a(m) = 39*m - 20. Let t be a(7). Suppose -1177 + t = -7*d. What are the prime factors of d?
2, 3, 11
Let j be (16/6)/(18/(-27)). Let q(n) = -4*n - 7. What are the prime factors of q(j)?
3
Let l(m) = -19*m + 41. Let i(x) = -19*x + 41. Let q(w) = -5*i(w) + 4*l(w). List the prime factors of q(12).
11, 17
Let n(p) = -31*p - 54. What are the prime factors of n(-20)?
2, 283
Let g = 205 + 90. What are the prime factors of g?
5, 59
Suppose -2*n - 2 = 0, 3*q + 5*n = 3*n - 2252. List the prime factors of (-4)/(-26) + q/(-26).
29
Let w = -906 + 1400. List the prime factors of w.
2, 13, 19
Suppose -5*r = -4*n + 2448, -25*r + 27*r = -3*n + 1859. What are the prime factors of n?
617
Let n(k) = -k**3 + 6*k**2 - 4. Let r be n(6). Let v = r - -11. Suppose -v*q + 34 = -6